p = -5*p. Suppose -y - 3*n = 18, -5*y = -p*y + n + 34. Let u be y/9 - (-158)/3. Calculate the greatest common divisor of u and 13.
13
Let k(z) = -6*z**2 + 6*z - 6. Let j be k(5). Let i be 24/156 + j/(-26). Calculate the greatest common factor of i and 40.
5
Let f be (-344)/(-24) + (-2)/(-3). What is the greatest common divisor of 105 and f?
15
Let s be 1 - ((-2 - -2) + 1). Suppose 4*z - 49 - 3 = s. Calculate the highest common factor of 65 and z.
13
Let a(q) = -q**3 + 13*q**2 - 2*q - 3. Let s be a(12). Let j(n) = 3*n**2 + 3. Let d be j(-4). Let w = s - d. What is the greatest common factor of 6 and w?
6
Suppose -p - 2*p - 3 = 0. Let q be (p/3)/((-1)/18). What is the highest common divisor of q and 24?
6
Suppose 6*h = h + 50. Suppose f - h = -4*s, 2*s = -f + 3*f + 10. Suppose -4*k + s = -5. What is the highest common factor of k and 12?
2
Suppose 14 = i - 30. Suppose 0*h + 2*h = i. Suppose 4*m - 52 = -b, 0 = m + 5*b - h - 10. Calculate the greatest common divisor of m and 3.
3
Let a be (1/(-1))/((-6)/6). What is the highest common factor of 5 and a?
1
Let x be -5*(-7)/2 - 1/(-2). Calculate the highest common factor of x and 24.
6
Let z = 5 + -1. Suppose -4*j = -z*k + 180, 0*k - 3*k = -4*j - 135. What is the highest common factor of 5 and k?
5
Let v be 42/8 + (-4)/16. Suppose 0 = -v*q + q + 896. Suppose q = -5*f + 539. What is the greatest common divisor of f and 7?
7
Let m = -17 - -29. Suppose 2*i - i - c = 57, 4*c = i - 48. Calculate the highest common factor of m and i.
12
Let l be 0 - 2 - -1 - 0. Let z be 2 + l - 0 - 4. Let g be z/3 + -1 + 20. What is the greatest common divisor of 45 and g?
9
Suppose 0*f - 15 = -3*f. Let n = f - 4. Suppose -j = 2*j - 33. Calculate the greatest common divisor of n and j.
1
Let h = 89 + -139. Let d = 204 - 107. Let z = d - h. Calculate the highest common factor of 21 and z.
21
Suppose 2*a - 3*l = 2*l - 65, 2*a + l = -35. Let c = -18 - a. What is the greatest common factor of 6 and c?
2
Let o = 3 + 45. Calculate the greatest common divisor of 6 and o.
6
Let p be -2 - -2 - (-2 + -10). Let s be (-1)/4 - (-123)/p. Suppose h - 4 = 0, 6*x - 3*h = x + 238. What is the greatest common divisor of x and s?
10
Let x be ((-12)/10)/((-6)/40). Calculate the greatest common divisor of 8 and x.
8
Let l = -81 - -256. What is the greatest common factor of 25 and l?
25
Let a(n) = 16*n**3 - n**2 - 2*n + 2. Let z be a(1). Let g be 1/3*(0 + 9). What is the highest common factor of g and z?
3
Let x be -13 - -3*(-4)/6. Let m = 32 + x. Let i be -5*1/((-5)/34). What is the greatest common factor of m and i?
17
Suppose 0*v - 130 = -y - 3*v, 4*y + 3*v = 556. Let s(z) = -40*z - 2. Let p be s(2). Let c = p + y. Calculate the highest common divisor of c and 24.
12
Let m(n) = -5 - 4*n + 9 + 2*n + 21*n**2 - 5*n**2. Let f(r) = -4*r**2 + 2*r - 1. Let x be f(1). Let l be m(x). Calculate the highest common factor of 14 and l.
14
Let n = 10 + -14. Let y(t) = -3*t - 3. Let z be y(n). What is the highest common divisor of z and 72?
9
Suppose -3*z = -2*w - 33, -5*z + 8*w - 3*w = -60. Suppose z*g - 6*g = 48. What is the greatest common factor of 8 and g?
8
Let a(i) = -i**3 + 3*i**2 + 2*i + 5. Let v be a(3). What is the greatest common divisor of 121 and v?
11
Let i be (-9 - (4 + -7))*5/(-2). What is the highest common factor of 3 and i?
3
Suppose 4*v + 3*j = 63, 3*v - 2*j = 21 + 5. Let b = -6 + 12. What is the highest common factor of v and b?
6
Let b(a) = 21*a**2 - 4*a + 2. Let f be b(2). Let i = f + -55. Calculate the greatest common divisor of 161 and i.
23
Let q be 3 + (-1 - (-3 - -1)). Let o = q + 4. What is the highest common divisor of o and 20?
4
Let f be -14*(-1)/(-1*(-1)/3). Suppose 0 = -2*p - 3*p + 35. Let w be 44/p - 4/14. What is the highest common factor of f and w?
6
Suppose -3*k = -k. Suppose k = -p + 5*p - 92. Let r be (2/6)/(2/138). What is the greatest common divisor of r and p?
23
Let w = 52 - 35. Let c = 34 - w. Calculate the greatest common divisor of c and 187.
17
Suppose -20 = -0*b - 2*b - 2*f, 4*b = 3*f + 47. Calculate the greatest common divisor of 88 and b.
11
Let c = 4 + 6. Suppose 3*o - 223 - 326 = 0. Suppose -5*w - 33 = -o. Calculate the greatest common factor of w and c.
10
Let p = 149 + -49. Calculate the greatest common divisor of 40 and p.
20
Let f(p) = -p**3 + 4*p**2 + 2*p - 4. Let h be f(2). Let x be h/(-6)*(1 + -25). Calculate the highest common divisor of x and 4.
4
Suppose -7 = -3*k + 20. Calculate the highest common divisor of 1 and k.
1
Let i = 219 - 63. What is the highest common factor of i and 12?
12
Let s be 3 + 15/(-5) - (-1 + -314). What is the greatest common factor of 45 and s?
45
Let a(s) = -4*s**3 - 3*s**2 - 2*s. Suppose -g = 3*g - 8. Suppose x = 2*x + g. Let n be a(x). What is the highest common factor of 3 and n?
3
Let v(d) = -d + 17. Let b be 0/(2*-1 + 4). Let h be v(b). Let p be -3 + 6 + -4 + 188. What is the greatest common divisor of h and p?
17
Suppose -z = -j - 6, 0 = -4*j - 4*z - 36 - 4. Let h be (0 - -4)*2/j. Let f be (2/(-4))/(h/6). Calculate the highest common factor of f and 2.
1
Let z be (-4)/3*3 - -19. What is the greatest common divisor of z and 120?
15
Let w be (-2)/(-3) + (-276)/(-18). Suppose w + 74 = 5*u. Calculate the greatest common divisor of u and 45.
9
Suppose 2*g = 8, 4*g = 3*h - 22 - 148. Calculate the highest common divisor of 31 and h.
31
Suppose -3*x + q + 133 = 0, -3*x + 2*q - 4*q = -148. Let b = x + -32. What is the highest common factor of b and 14?
14
Suppose -71 = -5*u - 3*o, -u + 4*o = 2*o - 22. Calculate the greatest common factor of u and 2.
2
Let a(k) = 2*k**3 - 4*k**2 + 4. Let y be a(2). Suppose y = 4*d - 3*d. Calculate the greatest common divisor of 6 and d.
2
Let v(n) = 2*n**3 - 7*n**2 - 3*n + 10. Let h be v(5). What is the highest common factor of 10 and h?
10
Let l be 2/6*59 - (-7)/21. What is the highest common factor of 50 and l?
10
Let g(x) = 3*x**2 - 3. Let a be g(-3). Suppose -n = 4*n + 5*j - 335, n = 4*j + 52. Let h = a + n. Calculate the highest common divisor of 8 and h.
8
Suppose 0 = f - 5*r + 22, 4*f - 4*r = -0*f - 56. Let x be (15/6 + -3)*f. Suppose 136 = 3*t - 26. What is the greatest common factor of x and t?
6
Let q = 0 - -3. Let i be 32/q + 13/39. Let r = 48 - 4. Calculate the greatest common factor of i and r.
11
Let w(x) = -3*x - 5. Let y be w(-4). Let c(b) = -b**3 + b + 5 + 8*b**2 + 2 + 2. Let a be c(y). Calculate the highest common divisor of 26 and a.
13
Let r(b) = 2*b + 11. Let g be r(-4). What is the greatest common factor of 99 and g?
3
Let r(y) = y**3 - 8*y**2 + 16*y - 7. Let o be r(6). Calculate the highest common divisor of 187 and o.
17
Suppose -2 = 2*r + h - 7, -r + 16 = 5*h. Suppose i - 10 = -i. Suppose 5*l = -i + 15. What is the highest common divisor of l and r?
1
Suppose -7 = -k + 1. Suppose 5*c + 5*t = -20, -c - 2*c = -t - k. Let s(u) = 5*u - 9. Let v be s(4). Calculate the highest common divisor of c and v.
1
Suppose 3*n - 105 = l, -45 = -18*n + 17*n - 3*l. Calculate the highest common factor of 18 and n.
18
Suppose 0 = u + 3*u - 3*v - 7, -u - v = 0. Suppose -u = 2*o - 3*o + 4*r, 3*r = 12. What is the greatest common factor of o and 153?
17
Let p = -4 + 1. Let i(n) = -n + 1. Let u be i(p). Let l = -2 + u. What is the highest common divisor of 8 and l?
2
Suppose -5*p + 44 = -3*p. Calculate the highest common divisor of p and 11.
11
Suppose -2*x + 36 = -74. Let u(s) = -5*s**3 - 1. Let o be u(-1). Let i be 5/(o/1 - 3). Calculate the greatest common divisor of x and i.
5
Let l(k) = -k**3 - 3*k**2 - 2*k - 3. Let o be l(-3). Suppose -2*z - 10 = 0, n - 2*n + 18 = o*z. What is the highest common divisor of n and 22?
11
Suppose h - 3*g - 39 = 0, -3*g + 8*g - 89 = -3*h. Calculate the greatest common factor of 231 and h.
33
Suppose -27 = -4*o + o. Calculate the greatest common factor of 72 and o.
9
Suppose 140 = -46*n + 47*n. Calculate the greatest common factor of 56 and n.
28
Let i(k) = -k**2 + 8*k + 2. Let t be i(8). Let o be 48/8*(-15)/t. Let x = o + 64. Calculate the greatest common divisor of x and 152.
19
Let r(z) = -1 - 8*z + z**2 + 6 - 2. Let i be r(8). Calculate the greatest common factor of 3 and i.
3
Let v = 95 + 25. Calculate the greatest common divisor of v and 12.
12
Suppose -4*u + 3*a + a + 76 = 0, 3*u - 67 = 5*a.